*r**2 - 100*r**2 + 33*r**2 - 14*r**3 + 15*r**3 + 37*r**2. Determine k(-6).
0
Let w(v) be the second derivative of -v**4/6 - 2*v**3/3 + 10*v**2 - 12*v - 3. Calculate w(4).
-28
Let u(c) = c**2 + 6*c - 1. Let l be (-1104)/(-1012) - 78/11. What is u(l)?
-1
Suppose -6 + 2 = -k - 2*b, 2*k = -5*b + 9. Let t(j) = -6*j**2 + 95*j**3 - 2 + k*j**2 - 94*j**3 - 1 - 8*j - 2*j**2. Let p = -12 - -19. Determine t(p).
-10
Let t(l) be the third derivative of -1/60*l**5 + 0 + 0*l - 5/24*l**4 - 68*l**2 - 1/3*l**3. Give t(-6).
-8
Let u(t) = 9*t**2 - 8*t + 4. Let y(j) = 25*j**2 - 24*j + 13. Let p(w) = 11*u(w) - 4*y(w). Suppose -140 = 5*x - 175. Give p(x).
-1
Let f(q) = q**3 - 4*q**2 - q. Let x = -369 - -374. Give f(x).
20
Let q(k) = 49*k + 151. Let x(o) = -75*o - 151. Let b(w) = -4*q(w) - 3*x(w). Give b(5).
-6
Let l = -250 + 256. Let d(k) = -1629*k**2 + k - 1621*k**2 + 3245*k**2 + k**3 - 4. Give d(l).
38
Suppose -5*l - 5*v = -1201 - 564, -1795 = -5*l + v. Let r = l + -363. Let p(z) = 5*z + 6. What is p(r)?
-19
Suppose 84*k + 854 = -38*k. Let j(q) = -6*q + 13. Calculate j(k).
55
Let l(k) = -4 + 3 + 7*k + k**2 - k + 3*k + 3. Give l(-10).
12
Let v be (-2)/(-3) + 8/(-12). Let w(q) be the third derivative of -q**4/24 - 5*q**3/2 + 70*q**2 - 6. Give w(v).
-15
Let h(o) = -30*o**2 + 4. Let u(d) = -36*d**2 + d + 3. Let f(g) = 5*h(g) - 4*u(g). Determine f(2).
-24
Let y be (4/(-2))/(86/(-559)) - (3 + 3). Suppose -p + 5*p = 20. Let i(l) = p + 0*l - 3*l + 2*l. Give i(y).
-2
Let l(x) be the second derivative of x**5/20 - x**4/12 + x**3/6 - 3*x**2 + x - 11. Suppose 0 = -8*j - 0*j. Calculate l(j).
-6
Let c(y) = 4*y - 1. Let g(k) = 11*k - 2. Let i(r) = 8*c(r) - 3*g(r). Let q(w) = w**3 + 25*w**2 + 44*w - 52. Let u be q(-23). Calculate i(u).
4
Let u(t) = 157*t + 604. Let p be u(-4). Let z(c) = -5*c - 93. Calculate z(p).
27
Let q(w) = -2*w + 2. Let y(z) = -5*z**2 + 12*z + 24. Let o(x) = -2*x**2 + 6*x + 11. Let s(c) = 7*o(c) - 3*y(c). Let r be s(0). What is q(r)?
-8
Let m be (2/(4 + -2))/1. Let p(j) be the first derivative of 9*j**3 + j**2/2 + 1517. What is p(m)?
28
Let y(t) = t**2 + t - 1. Let x(a) = -a**3 + 5*a**2 - 2*a - 5. Let i(o) = x(o) + 2*y(o). Suppose 0 = 3*c - 4*v - 17, 2*c + 24 = 6*c - 4*v. What is i(c)?
-7
Let z(i) = -4*i**2 + 46*i - 20. Suppose 30 = -17*s + 11*s. Let o(v) = -3*v**2 + 31*v - 13. Let p(m) = s*z(m) + 7*o(m). Determine p(-14).
-5
Let x(p) = 5*p + 2. Suppose 6 = 18*k + 24. Let g be (k - (6 + -5))*(-1)/(-1). Give x(g).
-8
Suppose 0 = -4*b - 5 + 17. Let n(y) = 3*y**3 - 7*y**2 - 3*y + 3. Let q(h) = -8*h**2 + 2 - 6*h**3 - 4*h + 8*h**3 + 2*h**3. Let m(t) = b*n(t) - 2*q(t). Give m(5).
0
Suppose 5*z + 45 = 55. Let s(u) = 5*u**z - 2*u - 17744 + 17744. Calculate s(2).
16
Let p(j) = 4*j**2 - 47*j - 9. Suppose 0 = -4*a + 13*n - 14*n + 41, 0 = -a - 3*n - 9. Determine p(a).
3
Let f(a) be the third derivative of a**6/120 + a**5/15 - a**4/12 - a**3/2 - 2*a**2. Suppose -3*i + b = -i + 1, -i = 4*b + 23. Calculate f(i).
12
Let b = 19 - 12. Let r(g) = 5*g - 10. Let a be r(6). Suppose -b*v + 4*u - a = -9*v, 2*v = -3*u + 17. Let o(n) = n**3 - 5*n**2 + 7*n - 6. Give o(v).
6
Let v(d) = 15*d**2 + 1. Let w be (36/(-234))/(3*(-3)/117). What is v(w)?
61
Let o(m) be the third derivative of -m**7/840 + m**6/360 + m**5/30 + m**4/6 + 103*m**3/6 + 7*m**2 + 3*m. Let s(y) be the first derivative of o(y). What is s(4)?
-28
Let t(z) = 10*z - 1267. Let b(c) = 2*c - 244. Let o(s) = 26*b(s) - 5*t(s). Let x be 1/2 - (-2)/(-4). Let d be (x + -1 + -5)/(-1). Give o(d).
3
Let z(n) = -2*n**2 - 7*n - 4. Let c(i) = i**2 - 16*i + 30. Let u be c(14). Let k be 10/(-5 - 0)*u. Determine z(k).
-8
Let m(r) = -r**3 + 10*r**2 + 12*r - 118. Let q be m(10). Let u(p) = -13*p**2 + p - q + 27*p**2 - p - 13*p**2. Let i be -3 + 0 - (1 + -1). Determine u(i).
7
Let b(k) = -k**3 + 63*k**2 - 65*k + 191. Let u be b(62). Let g(q) = 49*q - 1. Let o(v) = -90*v + 2. Let m(n) = u*o(n) + 9*g(n). Determine m(1).
-8
Let c(f) be the first derivative of f**6/360 - f**5/30 + 5*f**4/24 + 76*f**3/3 - f + 18. Let q(g) be the third derivative of c(g). What is q(4)?
5
Suppose 2*c + 3*p - 27 = 0, 28 = 4*c - c + 2*p. Let z be (-4)/(1 + c/(-4)). Let x be (3/(-6))/(1/z). Let v(b) = b + 2. Give v(x).
-2
Let r(d) = d + 19. Suppose 0 = 171*j - 1452 + 5898. Give r(j).
-7
Let o(z) = -35436 + 35445 + 65*z - 59*z + 2*z**2. Give o(-3).
9
Let m(s) = -s**3 + 8*s**2 - 7*s + 5. Let v = 194 + -49. Let h = v - 138. What is m(h)?
5
Let x(h) = h**3 - 7*h**2 - 3*h + 12. Let q be -2 - (-12)/5 - (198/5)/(-6). Determine x(q).
-9
Let p(t) = t**3 + 8*t**2 + 7*t - 1. Let z be 15/(-30) + 18/4. Suppose -3*d - 4*f - 12 = -d, -z*d = 5*f + 24. Let n be (77/33)/(2/d). Calculate p(n).
-1
Let m(a) be the third derivative of a**8/1344 - a**6/360 + 17*a**4/4 - a**2 - a. Let i(h) be the second derivative of m(h). Determine i(-2).
-36
Let g(b) be the first derivative of b**4/12 + b**3/2 - 19*b**2/2 - 65. Let l(t) be the second derivative of g(t). What is l(-6)?
-9
Let z(r) = r + 8. Let c be z(-4). Suppose -9*w + 18 = -9. Let d(m) = 1 + w + 6*m - 10*m. Give d(c).
-12
Suppose 6*n - 4*n = 0. Suppose w - 3 = n, y + w - 4 = -5. Let p(r) = 3*r**2 - r - 5. Let h(g) = 8*g**2 - 3*g - 15. Let x(c) = -4*h(c) + 11*p(c). Determine x(y).
17
Let h(d) = d + 2. Let g be (0/5 - -1)/1. Let c be (g/2)/((7/10)/7). Give h(c).
7
Let s(m) = -1 + 3598*m**2 - 3*m**3 - 3594*m**2 + 6*m**3 + 2*m. Give s(-1).
-2
Let q(u) = -530*u + 32. Let x(m) = 1392*m - 85. Let o(i) = -21*q(i) - 8*x(i). What is o(-2)?
20
Let g(a) = a - 17. Suppose 99*t - 2068 = 631 - 521. Calculate g(t).
5
Let f(g) = 94 - 94 + g. Let c(s) = -3*s + 1. Let h(v) = -6*c(v) - 17*f(v). Determine h(7).
1
Let d(u) be the second derivative of u**4/12 + u**3/6 - u**2/2 - 1965*u. Give d(-8).
55
Let j(l) = -17*l - 3*l**2 + 4*l**2 - 9 + 12*l. Let y(u) = -2*u**3 + 10*u**2 - 8*u - 7. Let o be y(3). Give j(o).
-9
Let c(k) = -k**2 + k + 44. Let y be c(7). Let v(d) = -6*d. Let b be v(-1). Let z(h) = -4*h + b*h**2 + 0 - 7*h**y - 2. What is z(-4)?
-2
Let w(a) = -4*a + 26 - 7 - 9 + 29 - 88. Calculate w(-10).
-9
Suppose -8 = -4*d, 5*a + 2*d = 3*d + 53. Let v(n) = -5*n + 48. Calculate v(a).
-7
Let k(b) = -190*b + 517. Let r(f) = 24*f - 67. Let n(v) = 6*k(v) + 46*r(v). Give n(4).
-124
Let t be (21 - -1) + 0/(-21). Suppose 0 = -5*r - 4*a - 83 + 16, 4*a + t = -2*r. Let o = -19 - r. Let l(u) = u**3 + 4*u**2 + 4*u + 6. Determine l(o).
-10
Let d(t) be the second derivative of -36*t + 1/6*t**3 - 1 - 3/2*t**2. Determine d(-4).
-7
Let x(o) = -4*o**2 + o + 2. Suppose -a + 2 + 21 = -5*l, 2*a = -4. Let p(s) = -s**3 + 5 - 2 + 73*s - 1 + 0*s**2 - 8*s**2 - 88*s. Let h be p(l). What is x(h)?
-12
Let x(h) = -2*h + 31. Let g(s) be the second derivative of 11*s**2/2 + 138*s. Let y(d) = -11*g(d) + 4*x(d). What is y(1)?
-5
Let g(m) = 4 + 9*m**2 + 34*m**2 + 14*m + 2 - 42*m**2. Calculate g(-9).
-39
Let w(y) be the second derivative of 0 - 3*y**2 + 2*y + 1/2*y**3 - 5/12*y**4 + 1/20*y**5. Suppose l - 5*o - 65 = 0, -399*l - 75 = -402*l + 5*o. Give w(l).
9
Let s(a) = 28*a - 588. Let d be (83 - -5)/4 - 1. Give s(d).
0
Let c(a) = -7*a**2 + 66*a - 726. Let g(u) = 2*u**2 - 16*u + 187. Let m(p) = 3*c(p) + 11*g(p). Determine m(-27).
14
Suppose -155*q + 59 = -247 - 4. Let d(y) = 5*y**3 - 4*y**2 + 5*y - 1. Determine d(q).
33
Let x(j) = -22*j + 9. Let m be x(-3). Let w(y) = m*y**3 - 2*y + 8*y - 74*y**3 - 4 - 2 - 6*y**2. What is w(6)?
30
Let q(j) = 26*j**2 - 18*j**2 + 4586*j**3 - 4587*j**3 - 18*j + 35. What is q(6)?
-1
Let a be (-4)/5*((-414)/156 - (-16)/104). Let c(b) be the third derivative of 38*b**a - b**3 + 0*b + 1/4*b**4 + 0 - 1/60*b**5. Give c(4).
2
Let n(v) be the third derivative of -v**6/120 + v**5/15 + 5*v**4/24 - 13*v**3/6 - 3*v**2. Let z be n(4). Let c(q) = -1 - z + 1 - 4*q + 2*q. Give c(-6).
5
Let k(g) be the first derivative of 9*g**3 + 2*g - 2*g**2 - 20 + g - 6*g**3 + 75. Give k(2).
31
Suppose 71 = f + 70. Let r(d) = 3*d**3 + 2*d - 2. Let q be r(f). Let c(o) be the second derivative of -o**4/4 + o**2 + 7*o - 2. Give c(q).
-25
Let q(a) = -5*a**2 + 2*a**2 + 2 + 4*a**2 - 13*a. Suppose 5*s + 7 = 3*v, 460*s = 10*v + 455*s - 70. Give q(v).
-34
Let q(g) = -3*g**2 + 2*g + 313. Let a be q(-10). Let w(v) = v**2 + 6*v - 15. Calculate w(a).
-8
Let q(f) = f**3 + 32*f**2 - 33*f - 2. Suppose 7*h + 